{"id":386,"date":"2023-02-07T02:16:46","date_gmt":"2023-02-07T07:16:46","guid":{"rendered":"https:\/\/ipac-acero.com\/?page_id=386"},"modified":"2023-03-15T11:14:44","modified_gmt":"2023-03-15T16:14:44","slug":"compromiso-con-la-comunidad","status":"publish","type":"page","link":"https:\/\/ipac-acero.com\/?page_id=386","title":{"rendered":"Compromiso con la Comunidad"},"content":{"rendered":"\t\t<div data-elementor-type=\"wp-page\" data-elementor-id=\"386\" class=\"elementor elementor-386\" data-elementor-post-type=\"page\">\n\t\t\t\t\t\t<section class=\"elementor-section elementor-top-section elementor-element elementor-element-1b9e2b2 elementor-section-full_width elementor-section-height-min-height elementor-section-height-default elementor-section-items-middle\" data-id=\"1b9e2b2\" data-element_type=\"section\" data-settings=\"{&quot;background_background&quot;:&quot;classic&quot;}\">\n\t\t\t\t\t\t<div class=\"elementor-container elementor-column-gap-default\">\n\t\t\t\t\t<div class=\"elementor-column elementor-col-100 elementor-top-column elementor-element elementor-element-b64e13d\" data-id=\"b64e13d\" data-element_type=\"column\">\n\t\t\t<div class=\"elementor-widget-wrap\">\n\t\t\t\t\t\t\t<\/div>\n\t\t<\/div>\n\t\t\t\t\t<\/div>\n\t\t<\/section>\n\t\t\t\t<section class=\"elementor-section elementor-top-section elementor-element elementor-element-5f0f535 elementor-section-boxed elementor-section-height-default elementor-section-height-default\" data-id=\"5f0f535\" data-element_type=\"section\">\n\t\t\t\t\t\t<div class=\"elementor-container elementor-column-gap-default\">\n\t\t\t\t\t<div class=\"elementor-column elementor-col-100 elementor-top-column elementor-element elementor-element-f3215b0\" data-id=\"f3215b0\" data-element_type=\"column\">\n\t\t\t<div class=\"elementor-widget-wrap elementor-element-populated\">\n\t\t\t\t\t\t<div class=\"elementor-element elementor-element-bf28bae elementor-widget elementor-widget-text-editor\" data-id=\"bf28bae\" data-element_type=\"widget\" data-widget_type=\"text-editor.default\">\n\t\t\t\t<div class=\"elementor-widget-container\">\n\t\t\t\t\t\t\t\t\t<p>Contamos con un Comit\u00e9 de Sostenibilidad, cuyo eje principal es el de guiar y alinear los objetivos corporativos\u00a0 con el bienestar colectivo. Est\u00e1 conformado por personal voluntario que representa a distintas \u00e1reas de la Empresa, y que, junto al Departamento de Sostenibilidad, ejecutan los planes correspondientes a la Estrategia de Sostenibilidad Corporativos, bajo directriz de la Gerencia General y Directorio de la Empresa.<\/p>\t\t\t\t\t\t\t\t<\/div>\n\t\t\t\t<\/div>\n\t\t\t\t<div class=\"elementor-element elementor-element-93a374f elementor-widget elementor-widget-text-editor\" data-id=\"93a374f\" data-element_type=\"widget\" data-widget_type=\"text-editor.default\">\n\t\t\t\t<div class=\"elementor-widget-container\">\n\t\t\t\t\t\t\t\t\t<p><strong>Se han llevado diversas actividades dentro de tres ejes principales:\u00a0<\/strong><\/p><ul><li>Bienestar individual<\/li><li>Bienestar social<\/li><li>Cuidado del medio ambiente<\/li><\/ul>\t\t\t\t\t\t\t\t<\/div>\n\t\t\t\t<\/div>\n\t\t\t\t<div class=\"elementor-element elementor-element-85bbd8b elementor-widget-divider--view-line elementor-widget elementor-widget-divider\" data-id=\"85bbd8b\" data-element_type=\"widget\" data-widget_type=\"divider.default\">\n\t\t\t\t<div class=\"elementor-widget-container\">\n\t\t\t\t\t\t\t<div class=\"elementor-divider\">\n\t\t\t<span class=\"elementor-divider-separator\">\n\t\t\t\t\t\t<\/span>\n\t\t<\/div>\n\t\t\t\t\t\t<\/div>\n\t\t\t\t<\/div>\n\t\t\t\t<div class=\"elementor-element elementor-element-cc6820d elementor-widget elementor-widget-text-editor\" data-id=\"cc6820d\" data-element_type=\"widget\" data-widget_type=\"text-editor.default\">\n\t\t\t\t<div class=\"elementor-widget-container\">\n\t\t\t\t\t\t\t\t\t<p><strong>Hemos realizado actividades que promueven: <\/strong><\/p><ul><li>El reciclaje<\/li><li>El ahorro de energ\u00eda y agua<\/li><li>La correcta disposici\u00f3n y recolecci\u00f3n de desechos<\/li><li>El cuidado del medio ambiente y entorno.<\/li><\/ul>\t\t\t\t\t\t\t\t<\/div>\n\t\t\t\t<\/div>\n\t\t\t\t\t<\/div>\n\t\t<\/div>\n\t\t\t\t\t<\/div>\n\t\t<\/section>\n\t\t\t\t<\/div>\n\t\t","protected":false},"excerpt":{"rendered":"<p>Contamos con un Comit\u00e9 de Sostenibilidad, cuyo eje principal es el de guiar y alinear los objetivos corporativos\u00a0 con el bienestar colectivo. Est\u00e1 conformado por personal voluntario que representa a distintas \u00e1reas de la Empresa, y que, junto al Departamento de Sostenibilidad, ejecutan los planes correspondientes a la Estrategia de Sostenibilidad Corporativos, bajo directriz de la Gerencia General y Directorio de la Empresa. Se han llevado diversas actividades dentro de tres ejes principales:\u00a0 Bienestar individual Bienestar social Cuidado del medio ambiente Hemos realizado actividades que promueven: El reciclaje El ahorro de energ\u00eda y agua La correcta disposici\u00f3n y recolecci\u00f3n de desechos El cuidado del medio ambiente y entorno.<\/p>\n","protected":false},"author":2,"featured_media":0,"parent":0,"menu_order":0,"comment_status":"closed","ping_status":"closed","template":"","meta":{"footnotes":""},"class_list":["post-386","page","type-page","status-publish","hentry"],"yoast_head":"<!-- This site is optimized with the Yoast SEO plugin v27.5 - https:\/\/yoast.com\/product\/yoast-seo-wordpress\/ -->\n<title>Compromiso con la Comunidad - IPAC S.A<\/title>\n<meta name=\"robots\" content=\"index, follow, max-snippet:-1, max-image-preview:large, max-video-preview:-1\" \/>\n<link rel=\"canonical\" href=\"https:\/\/ipac-acero.com\/?page_id=386\" \/>\n<meta property=\"og:locale\" content=\"es_ES\" \/>\n<meta property=\"og:type\" content=\"article\" \/>\n<meta property=\"og:title\" content=\"Compromiso con la Comunidad - IPAC S.A\" \/>\n<meta property=\"og:description\" content=\"Contamos con un Comit\u00e9 de Sostenibilidad, cuyo eje principal es el de guiar y alinear los objetivos corporativos\u00a0 con el bienestar colectivo. Est\u00e1 conformado por personal voluntario que representa a distintas \u00e1reas de la Empresa, y que, junto al Departamento de Sostenibilidad, ejecutan los planes correspondientes a la Estrategia de Sostenibilidad Corporativos, bajo directriz de la Gerencia General y Directorio de la Empresa. Se han llevado diversas actividades dentro de tres ejes principales:\u00a0 Bienestar individual Bienestar social Cuidado del medio ambiente Hemos realizado actividades que promueven: El reciclaje El ahorro de energ\u00eda y agua La correcta disposici\u00f3n y recolecci\u00f3n de desechos El cuidado del medio ambiente y entorno.\" \/>\n<meta property=\"og:url\" content=\"https:\/\/ipac-acero.com\/?page_id=386\" \/>\n<meta property=\"og:site_name\" content=\"IPAC S.A\" \/>\n<meta property=\"article:modified_time\" content=\"2023-03-15T16:14:44+00:00\" \/>\n<meta name=\"twitter:card\" content=\"summary_large_image\" \/>\n<meta name=\"twitter:label1\" content=\"Tiempo de lectura\" \/>\n\t<meta name=\"twitter:data1\" content=\"1 minuto\" \/>\n<script type=\"application\/ld+json\" class=\"yoast-schema-graph\">{\"@context\":\"https:\\\/\\\/schema.org\",\"@graph\":[{\"@type\":\"WebPage\",\"@id\":\"https:\\\/\\\/ipac-acero.com\\\/?page_id=386\",\"url\":\"https:\\\/\\\/ipac-acero.com\\\/?page_id=386\",\"name\":\"Compromiso con la Comunidad - IPAC S.A\",\"isPartOf\":{\"@id\":\"https:\\\/\\\/ipac-acero.com\\\/#website\"},\"datePublished\":\"2023-02-07T07:16:46+00:00\",\"dateModified\":\"2023-03-15T16:14:44+00:00\",\"breadcrumb\":{\"@id\":\"https:\\\/\\\/ipac-acero.com\\\/?page_id=386#breadcrumb\"},\"inLanguage\":\"es\",\"potentialAction\":[{\"@type\":\"ReadAction\",\"target\":[\"https:\\\/\\\/ipac-acero.com\\\/?page_id=386\"]}]},{\"@type\":\"BreadcrumbList\",\"@id\":\"https:\\\/\\\/ipac-acero.com\\\/?page_id=386#breadcrumb\",\"itemListElement\":[{\"@type\":\"ListItem\",\"position\":1,\"name\":\"Portada\",\"item\":\"https:\\\/\\\/ipac-acero.com\\\/\"},{\"@type\":\"ListItem\",\"position\":2,\"name\":\"Compromiso con la Comunidad\"}]},{\"@type\":\"WebSite\",\"@id\":\"https:\\\/\\\/ipac-acero.com\\\/#website\",\"url\":\"https:\\\/\\\/ipac-acero.com\\\/\",\"name\":\"IPAC S.A\",\"description\":\"Por los caminos del acero\",\"publisher\":{\"@id\":\"https:\\\/\\\/ipac-acero.com\\\/#organization\"},\"potentialAction\":[{\"@type\":\"SearchAction\",\"target\":{\"@type\":\"EntryPoint\",\"urlTemplate\":\"https:\\\/\\\/ipac-acero.com\\\/?s={search_term_string}\"},\"query-input\":{\"@type\":\"PropertyValueSpecification\",\"valueRequired\":true,\"valueName\":\"search_term_string\"}}],\"inLanguage\":\"es\"},{\"@type\":\"Organization\",\"@id\":\"https:\\\/\\\/ipac-acero.com\\\/#organization\",\"name\":\"Ipac Acero\",\"url\":\"https:\\\/\\\/ipac-acero.com\\\/\",\"logo\":{\"@type\":\"ImageObject\",\"inLanguage\":\"es\",\"@id\":\"https:\\\/\\\/ipac-acero.com\\\/#\\\/schema\\\/logo\\\/image\\\/\",\"url\":\"https:\\\/\\\/ipac-acero.com\\\/wp-content\\\/uploads\\\/2023\\\/04\\\/seo.png\",\"contentUrl\":\"https:\\\/\\\/ipac-acero.com\\\/wp-content\\\/uploads\\\/2023\\\/04\\\/seo.png\",\"width\":280,\"height\":280,\"caption\":\"Ipac Acero\"},\"image\":{\"@id\":\"https:\\\/\\\/ipac-acero.com\\\/#\\\/schema\\\/logo\\\/image\\\/\"}}]}<\/script>\n<!-- \/ Yoast SEO plugin. -->","yoast_head_json":{"title":"Compromiso con la Comunidad - IPAC S.A","robots":{"index":"index","follow":"follow","max-snippet":"max-snippet:-1","max-image-preview":"max-image-preview:large","max-video-preview":"max-video-preview:-1"},"canonical":"https:\/\/ipac-acero.com\/?page_id=386","og_locale":"es_ES","og_type":"article","og_title":"Compromiso con la Comunidad - IPAC S.A","og_description":"Contamos con un Comit\u00e9 de Sostenibilidad, cuyo eje principal es el de guiar y alinear los objetivos corporativos\u00a0 con el bienestar colectivo. Est\u00e1 conformado por personal voluntario que representa a distintas \u00e1reas de la Empresa, y que, junto al Departamento de Sostenibilidad, ejecutan los planes correspondientes a la Estrategia de Sostenibilidad Corporativos, bajo directriz de la Gerencia General y Directorio de la Empresa. Se han llevado diversas actividades dentro de tres ejes principales:\u00a0 Bienestar individual Bienestar social Cuidado del medio ambiente Hemos realizado actividades que promueven: El reciclaje El ahorro de energ\u00eda y agua La correcta disposici\u00f3n y recolecci\u00f3n de desechos El cuidado del medio ambiente y entorno.","og_url":"https:\/\/ipac-acero.com\/?page_id=386","og_site_name":"IPAC S.A","article_modified_time":"2023-03-15T16:14:44+00:00","twitter_card":"summary_large_image","twitter_misc":{"Tiempo de lectura":"1 minuto"},"schema":{"@context":"https:\/\/schema.org","@graph":[{"@type":"WebPage","@id":"https:\/\/ipac-acero.com\/?page_id=386","url":"https:\/\/ipac-acero.com\/?page_id=386","name":"Compromiso con la Comunidad - IPAC S.A","isPartOf":{"@id":"https:\/\/ipac-acero.com\/#website"},"datePublished":"2023-02-07T07:16:46+00:00","dateModified":"2023-03-15T16:14:44+00:00","breadcrumb":{"@id":"https:\/\/ipac-acero.com\/?page_id=386#breadcrumb"},"inLanguage":"es","potentialAction":[{"@type":"ReadAction","target":["https:\/\/ipac-acero.com\/?page_id=386"]}]},{"@type":"BreadcrumbList","@id":"https:\/\/ipac-acero.com\/?page_id=386#breadcrumb","itemListElement":[{"@type":"ListItem","position":1,"name":"Portada","item":"https:\/\/ipac-acero.com\/"},{"@type":"ListItem","position":2,"name":"Compromiso con la Comunidad"}]},{"@type":"WebSite","@id":"https:\/\/ipac-acero.com\/#website","url":"https:\/\/ipac-acero.com\/","name":"IPAC S.A","description":"Por los caminos del acero","publisher":{"@id":"https:\/\/ipac-acero.com\/#organization"},"potentialAction":[{"@type":"SearchAction","target":{"@type":"EntryPoint","urlTemplate":"https:\/\/ipac-acero.com\/?s={search_term_string}"},"query-input":{"@type":"PropertyValueSpecification","valueRequired":true,"valueName":"search_term_string"}}],"inLanguage":"es"},{"@type":"Organization","@id":"https:\/\/ipac-acero.com\/#organization","name":"Ipac Acero","url":"https:\/\/ipac-acero.com\/","logo":{"@type":"ImageObject","inLanguage":"es","@id":"https:\/\/ipac-acero.com\/#\/schema\/logo\/image\/","url":"https:\/\/ipac-acero.com\/wp-content\/uploads\/2023\/04\/seo.png","contentUrl":"https:\/\/ipac-acero.com\/wp-content\/uploads\/2023\/04\/seo.png","width":280,"height":280,"caption":"Ipac Acero"},"image":{"@id":"https:\/\/ipac-acero.com\/#\/schema\/logo\/image\/"}}]}},"_links":{"self":[{"href":"https:\/\/ipac-acero.com\/index.php?rest_route=\/wp\/v2\/pages\/386","targetHints":{"allow":["GET"]}}],"collection":[{"href":"https:\/\/ipac-acero.com\/index.php?rest_route=\/wp\/v2\/pages"}],"about":[{"href":"https:\/\/ipac-acero.com\/index.php?rest_route=\/wp\/v2\/types\/page"}],"author":[{"embeddable":true,"href":"https:\/\/ipac-acero.com\/index.php?rest_route=\/wp\/v2\/users\/2"}],"replies":[{"embeddable":true,"href":"https:\/\/ipac-acero.com\/index.php?rest_route=%2Fwp%2Fv2%2Fcomments&post=386"}],"version-history":[{"count":0,"href":"https:\/\/ipac-acero.com\/index.php?rest_route=\/wp\/v2\/pages\/386\/revisions"}],"wp:attachment":[{"href":"https:\/\/ipac-acero.com\/index.php?rest_route=%2Fwp%2Fv2%2Fmedia&parent=386"}],"curies":[{"name":"wp","href":"https:\/\/api.w.org\/{rel}","templated":true}]}}

<div data-elementor-type="wp-page" data-elementor-id="386" class="elementor elementor-386" data-elementor-post-type="page">
						<section class="elementor-section elementor-top-section elementor-element elementor-element-1b9e2b2 elementor-section-full_width elementor-section-height-min-height elementor-section-height-default elementor-section-items-middle" data-id="1b9e2b2" data-element_type="section" data-settings="{&quot;background_background&quot;:&quot;classic&quot;}">
						<div class="elementor-container elementor-column-gap-default">
					<div class="elementor-column elementor-col-100 elementor-top-column elementor-element elementor-element-b64e13d" data-id="b64e13d" data-element_type="column">
			<div class="elementor-widget-wrap">
							</div>
		</div>
					</div>
		</section>
				<section class="elementor-section elementor-top-section elementor-element elementor-element-5f0f535 elementor-section-boxed elementor-section-height-default elementor-section-height-default" data-id="5f0f535" data-element_type="section">
						<div class="elementor-container elementor-column-gap-default">
					<div class="elementor-column elementor-col-100 elementor-top-column elementor-element elementor-element-f3215b0" data-id="f3215b0" data-element_type="column">
			<div class="elementor-widget-wrap elementor-element-populated">
						<div class="elementor-element elementor-element-bf28bae elementor-widget elementor-widget-text-editor" data-id="bf28bae" data-element_type="widget" data-widget_type="text-editor.default">
				<div class="elementor-widget-container">
									<p>Contamos con un Comité de Sostenibilidad, cuyo eje principal es el de guiar y alinear los objetivos corporativos  con el bienestar colectivo. Está conformado por personal voluntario que representa a distintas áreas de la Empresa, y que, junto al Departamento de Sostenibilidad, ejecutan los planes correspondientes a la Estrategia de Sostenibilidad Corporativos, bajo directriz de la Gerencia General y Directorio de la Empresa.</p>								</div>
				</div>
				<div class="elementor-element elementor-element-93a374f elementor-widget elementor-widget-text-editor" data-id="93a374f" data-element_type="widget" data-widget_type="text-editor.default">
				<div class="elementor-widget-container">
									<p><strong>Se han llevado diversas actividades dentro de tres ejes principales: </strong></p><ul><li>Bienestar individual</li><li>Bienestar social</li><li>Cuidado del medio ambiente</li></ul>								</div>
				</div>
				<div class="elementor-element elementor-element-85bbd8b elementor-widget-divider--view-line elementor-widget elementor-widget-divider" data-id="85bbd8b" data-element_type="widget" data-widget_type="divider.default">
				<div class="elementor-widget-container">
							<div class="elementor-divider">
			<span class="elementor-divider-separator">
						</span>
		</div>
						</div>
				</div>
				<div class="elementor-element elementor-element-cc6820d elementor-widget elementor-widget-text-editor" data-id="cc6820d" data-element_type="widget" data-widget_type="text-editor.default">
				<div class="elementor-widget-container">
									<p><strong>Hemos realizado actividades que promueven: </strong></p><ul><li>El reciclaje</li><li>El ahorro de energía y agua</li><li>La correcta disposición y recolección de desechos</li><li>El cuidado del medio ambiente y entorno.</li></ul>								</div>
				</div>
					</div>
		</div>
					</div>
		</section>
				</div>

<p>Contamos con un Comité de Sostenibilidad, cuyo eje principal es el de guiar y alinear los objetivos corporativos  con el bienestar colectivo. Está conformado por personal voluntario que representa a distintas áreas de la Empresa, y que, junto al Departamento de Sostenibilidad, ejecutan los planes correspondientes a la Estrategia de Sostenibilidad Corporativos, bajo directriz de la Gerencia General y Directorio de la Empresa. Se han llevado diversas actividades dentro de tres ejes principales:  Bienestar individual Bienestar social Cuidado del medio ambiente Hemos realizado actividades que promueven: El reciclaje El ahorro de energía y agua La correcta disposición y recolección de desechos El cuidado del medio ambiente y entorno.</p>

<!-- This site is optimized with the Yoast SEO plugin v27.5 - https://yoast.com/product/yoast-seo-wordpress/ -->
<title>Compromiso con la Comunidad - IPAC S.A</title>
<meta name="robots" content="index, follow, max-snippet:-1, max-image-preview:large, max-video-preview:-1" />
<link rel="canonical" href="https://ipac-acero.com/?page_id=386" />
<meta property="og:locale" content="es_ES" />
<meta property="og:type" content="article" />
<meta property="og:title" content="Compromiso con la Comunidad - IPAC S.A" />
<meta property="og:description" content="Contamos con un Comité de Sostenibilidad, cuyo eje principal es el de guiar y alinear los objetivos corporativos  con el bienestar colectivo. Está conformado por personal voluntario que representa a distintas áreas de la Empresa, y que, junto al Departamento de Sostenibilidad, ejecutan los planes correspondientes a la Estrategia de Sostenibilidad Corporativos, bajo directriz de la Gerencia General y Directorio de la Empresa. Se han llevado diversas actividades dentro de tres ejes principales:  Bienestar individual Bienestar social Cuidado del medio ambiente Hemos realizado actividades que promueven: El reciclaje El ahorro de energía y agua La correcta disposición y recolección de desechos El cuidado del medio ambiente y entorno." />
<meta property="og:url" content="https://ipac-acero.com/?page_id=386" />
<meta property="og:site_name" content="IPAC S.A" />
<meta property="article:modified_time" content="2023-03-15T16:14:44+00:00" />
<meta name="twitter:card" content="summary_large_image" />
<meta name="twitter:label1" content="Tiempo de lectura" />
	<meta name="twitter:data1" content="1 minuto" />
<script type="application/ld+json" class="yoast-schema-graph">{"@context":"https:\/\/schema.org","@graph":[{"@type":"WebPage","@id":"https:\/\/ipac-acero.com\/?page_id=386","url":"https:\/\/ipac-acero.com\/?page_id=386","name":"Compromiso con la Comunidad - IPAC S.A","isPartOf":{"@id":"https:\/\/ipac-acero.com\/#website"},"datePublished":"2023-02-07T07:16:46+00:00","dateModified":"2023-03-15T16:14:44+00:00","breadcrumb":{"@id":"https:\/\/ipac-acero.com\/?page_id=386#breadcrumb"},"inLanguage":"es","potentialAction":[{"@type":"ReadAction","target":["https:\/\/ipac-acero.com\/?page_id=386"]}]},{"@type":"BreadcrumbList","@id":"https:\/\/ipac-acero.com\/?page_id=386#breadcrumb","itemListElement":[{"@type":"ListItem","position":1,"name":"Portada","item":"https:\/\/ipac-acero.com\/"},{"@type":"ListItem","position":2,"name":"Compromiso con la Comunidad"}]},{"@type":"WebSite","@id":"https:\/\/ipac-acero.com\/#website","url":"https:\/\/ipac-acero.com\/","name":"IPAC S.A","description":"Por los caminos del acero","publisher":{"@id":"https:\/\/ipac-acero.com\/#organization"},"potentialAction":[{"@type":"SearchAction","target":{"@type":"EntryPoint","urlTemplate":"https:\/\/ipac-acero.com\/?s={search_term_string}"},"query-input":{"@type":"PropertyValueSpecification","valueRequired":true,"valueName":"search_term_string"}}],"inLanguage":"es"},{"@type":"Organization","@id":"https:\/\/ipac-acero.com\/#organization","name":"Ipac Acero","url":"https:\/\/ipac-acero.com\/","logo":{"@type":"ImageObject","inLanguage":"es","@id":"https:\/\/ipac-acero.com\/#\/schema\/logo\/image\/","url":"https:\/\/ipac-acero.com\/wp-content\/uploads\/2023\/04\/seo.png","contentUrl":"https:\/\/ipac-acero.com\/wp-content\/uploads\/2023\/04\/seo.png","width":280,"height":280,"caption":"Ipac Acero"},"image":{"@id":"https:\/\/ipac-acero.com\/#\/schema\/logo\/image\/"}}]}</script>
<!-- / Yoast SEO plugin. -->

Contamos con un Comité de Sostenibilidad, cuyo eje principal es el de guiar y alinear los objetivos corporativos  con el bienestar colectivo. Está conformado por personal voluntario que representa a distintas áreas de la Empresa, y que, junto al Departamento de Sostenibilidad, ejecutan los planes correspondientes a la Estrategia de Sostenibilidad Corporativos, bajo directriz de la Gerencia General y Directorio de la Empresa. Se han llevado diversas actividades dentro de tres ejes principales:  Bienestar individual Bienestar social Cuidado del medio ambiente Hemos realizado actividades que promueven: El reciclaje El ahorro de energía y agua La correcta disposición y recolección de desechos El cuidado del medio ambiente y entorno.
